7?
1
Let o be (3*(-32)/(-3))/2. Calculate the greatest common factor of o and 24.
8
Suppose 3*v - 28 + 91 = 0. Let a = -7 - v. What is the highest common factor of 98 and a?
14
Suppose -3*j + o + 16 = 0, -4*j + 0*o = 2*o - 38. Let c be 628/j - 8/(-28). Suppose -4*k - k = -c. What is the highest common divisor of 12 and k?
6
Suppose -4*q + 121 = -319. Calculate the highest common divisor of q and 44.
22
Let l(w) = -w**3 + w**2 + 64. Let s(z) = -z**2 - 2*z + 3. Let t be s(-3). Let k be l(t). What is the greatest common factor of k and 16?
16
Suppose -3*n = v - 1, -3*n + 6*v = 2*v - 26. Suppose 9 + 11 = n*m. Calculate the greatest common factor of 20 and m.
10
Let q = -43 + 54. Suppose 0 = -x + 2*x + 4*w - 272, -2*x - 4*w + 536 = 0. Suppose -4*o + o = -x. What is the greatest common factor of o and q?
11
Let y(k) = -k**2 - 12*k - 6. Suppose -2*q - 20 = -0*q + 2*w, w - 22 = 3*q. Let l be y(q). Calculate the highest common factor of l and 26.
26
Let p(a) = a**3 - 4*a**2 + a - 8. Let r be p(6). Suppose -8*h + 35 = -3*h - 3*o, -4*o = -20. Calculate the highest common divisor of h and r.
10
Suppose -3*s + 37 = -65. What is the highest common factor of s and 170?
34
Let k(u) = -2*u - 11. Let q be k(-6). What is the highest common factor of 1 and q?
1
Let u be ((-16)/20)/(6/(-75)). Calculate the greatest common divisor of 90 and u.
10
Suppose -54 = -3*v - 3*n, 0*n + 2*n = v - 9. Let b be (v/20)/((-1)/(-324)). Calculate the greatest common factor of 27 and b.
27
Let p(y) = -2*y - 3. Let m be p(-6). Let q = -95 + 104. What is the highest common divisor of m and q?
9
Let b(y) = -y**2 - y. Let w be b(0). Suppose 2*q + 0*q - 52 = w. Suppose 0 = -0*u + u - q. Calculate the highest common divisor of u and 13.
13
Let u = 17 - 12. Suppose 4*r - 12 = 4*b - 0, 5*b - 35 = -u*r. Suppose 4*w - 7 = -q, 2*q - 8 - 3 = -r*w. What is the highest common divisor of 3 and w?
1
Let o(x) = x**3 - 4*x**2 - 3*x - 5. Let g be o(5). Suppose 3*t + 193 = 2*w + 4*t, -w = g*t - 74. Calculate the highest common factor of 11 and w.
11
Let h(p) = p + 12. Suppose 0 = -15*z + 14*z - 10. Let a be h(z). Let b be 3/a + (-3)/6. Calculate the greatest common divisor of 8 and b.
1
Let c = 288 - 171. Calculate the highest common divisor of 9 and c.
9
Let h(a) = -a**2 + 8*a + 7. Let r be h(8). Calculate the greatest common factor of r and 7.
7
Let m(t) = t**2. Let r be m(7). Suppose 0 = y + 5*j + 6, 0 = -3*y - 4*j + 2*j - 18. Let b = y - -13. What is the greatest common divisor of b and r?
7
Let p be -1 - (-1 - -1 - 45). Let t = 14 + -13. Let w be (-3)/t + (3 - -4). Calculate the greatest common factor of p and w.
4
Let v be 1*2/(-2) + 25. Calculate the greatest common factor of 192 and v.
24
Let f be 4/(-26) - 112/(-52). Suppose 2*v - 4*w - 180 = 0, 2*v - f*w = -54 + 232. Let a be (2/(-2))/(1/(-11)). What is the greatest common divisor of a and v?
11
Let a(k) be the second derivative of k**3/3 - k**2/2 - 3*k. Let g be a(2). Suppose 8*i = g*i + 120. Calculate the highest common divisor of i and 16.
8
Let i be 1*0*(-3)/9. Suppose i*k + 5*k - 95 = -5*u, 3*k = 12. Calculate the highest common divisor of 165 and u.
15
Let u(b) = -5*b + 80. Let r be u(0). What is the highest common factor of 48 and r?
16
Let i(b) = -5*b**3 + b**2 - b - 1. Let v be i(-1). Suppose n - 27 + 9 = 0. Suppose 3*f = n - 0. Calculate the highest common factor of f and v.
6
Let x(t) = t**2 + 2*t + 1. Let h be x(-2). What is the highest common factor of 9 and h?
1
Let q be 66 - ((-6)/(-2) - 7). What is the highest common factor of 14 and q?
14
Suppose 273 + 84 = 7*i. What is the greatest common divisor of i and 34?
17
Let b be (2 + 11)/(3/3). Let d = 19 - b. Suppose -4*z - 1 = 3*g - 34, -23 = -3*z - 4*g. Calculate the greatest common divisor of d and z.
3
Let t = 1049 - 671. Let g be 2/5 + t/30. Suppose -3*l - g = 2*d, -d - d = -5*l - 27. What is the highest common divisor of d and 2?
1
Suppose 2*v = -2*z + 22, 0 = -0*v - 3*v + 3*z + 45. Let w = 265 + -122. Calculate the highest common divisor of v and w.
13
Let i be 7 - -33 - 8/(-2). Calculate the greatest common factor of 22 and i.
22
Let j(w) = -w**3 - 7*w**2 + 2*w - 12. Let d be (1/(-2))/(10/40). Let s be d/4 - (-17)/(-2). Let h be j(s). What is the highest common divisor of h and 12?
12
Suppose 60 = -p + 5*p. Calculate the greatest common divisor of 6 and p.
3
Let j be 806/18 - 4/(-18). What is the greatest common divisor of j and 18?
9
Let r(j) = j**3 - 4*j**2 - 2*j - 6. Let i be r(5). Calculate the greatest common divisor of 9 and i.
9
Let j(p) = -3*p - 15. Let z be j(-9). What is the greatest common divisor of z and 120?
12
Let c be 478/17 + (-10)/85. Calculate the highest common divisor of c and 308.
28
Let g = 256 + -179. Suppose -2*a - 42 = 3*n, 4*a + 70 + 6 = -4*n. Let s = -4 - a. Calculate the greatest common divisor of s and g.
11
Let s(k) = -k + 1. Let l be s(1). Suppose 2*h - 68 - 52 = l. Calculate the highest common divisor of 20 and h.
20
Suppose 3*v + 2 = 4*v. Let m = v - -14. What is the greatest common factor of m and 64?
16
Let h = -50 - -80. What is the highest common factor of 40 and h?
10
Suppose -5*h - 2*q = -307, 5*q + 209 = 3*h - 0*q. What is the greatest common factor of 84 and h?
21
Let w(m) = m**3 + 4*m**2 - 16*m - 13. Let f be w(-6). What is the greatest common divisor of 33 and f?
11
Let s(h) = -29*h**3 + h**2 + 7*h + 6. Let z be s(-1). What is the highest common divisor of z and 58?
29
Let i(j) = -67*j - 20. Let b be i(-4). Calculate the highest common divisor of b and 31.
31
Suppose q + 4*q + 10 = 0. Let k be 3/(-1)*(q + 1). Suppose -4*u = 5*f - 121, 0 = 2*u - 3*u - k*f + 25. What is the highest common factor of u and 85?
17
Suppose -132 = 11*f - 3036. Calculate the greatest common divisor of f and 24.
24
Let a be 10/(-7)*(-3 + -4). Let h be 2 - (a*-2 + -1). What is the greatest common divisor of h and 207?
23
Suppose -h - m + 47 = -12, 2*h - 5*m = 146. Let d be 227/9 + (-14)/h. Calculate the highest common factor of d and 10.
5
Suppose b - 2*b - 7 = 4*v, -4*b = 4*v - 8. Suppose -b*d - 90 = -5*u, -2*d = -3*u - d + 52. Suppose h = 2*h - 17. What is the greatest common factor of h and u?
17
Let u = -22 - -31. Let p(f) = -f**2 + 10*f + 11. Let a be p(u). Let q(v) = v**2 + v - 6. Let x be q(7). Calculate the greatest common factor of x and a.
10
Let p be 18/(-7)*(-28)/6. Suppose -11*g + 1409 = 221. Calculate the greatest common factor of g and p.
12
Suppose k + 4*k - 50 = 0. Calculate the highest common factor of k and 10.
10
Suppose -32 = -4*t - 2*o - 0*o, 44 = 4*t - o. Suppose -4*h + 5 + 11 = 0. Calculate the greatest common divisor of t and h.
2
Suppose m = 5*m - 1408. Suppose -5*b = -2*z - m, 311 = 4*b + 2*z + 15. Calculate the greatest common divisor of 9 and b.
9
Let n be -3 - (0 - (-12)/(-2)). Suppose -n*h - h = -40. Let l(d) = 2*d**2 + 5*d - 2. Let p be l(4). What is the greatest common divisor of p and h?
10
Let q(j) = 3*j + 2. Let z(y) = -6*y. Let u be z(-1). Let c be q(u). Let t be (-2)/(-6) - (-66)/18. What is the greatest common factor of c and t?
4
Let r(j) = -j**3 + 7*j**2 - 6*j + 8. Let w be r(6). Let m be (-108)/(-63)*28/4 + 0. Calculate the highest common factor of w and m.
4
Let o(d) = 2*d**3 + d**2 + d - 1. Let j be o(1). Suppose 6 = -j*s + 54. Calculate the greatest common divisor of 4 and s.
4
Let k be (-56)/6*(-1*26 + -4). Calculate the greatest common divisor of 35 and k.
35
Suppose 37 = -4*v + 5*p, 3 = 3*v + 2*p + 2. Let x be ((-40)/6)/5*v. Suppose -5*d + 162 = -x*d. Calculate the greatest common factor of 18 and d.
18
Let r(i) = -i + 4. Let n be 4/(-14) + (-115)/(-35). Let w be r(n). Let a be -13*(1 - 2)*w. What is the greatest common factor of 52 and a?
13
Suppose 0 = -l + 5 - 1. Suppose 2*m + 48 = l*m. Calculate the highest common divisor of m and 72.
24
Let w = -3 - -7. Calculate the greatest common factor of w and 12.
4
Let k = -21 - -37. Let b(s) = -10*s + 12. Let r be b(-10). What is the highest common factor of k and r?
16
Let k(t) = -t**3 + 4*t**2 + 4*t + 2. Let y be k(-2). Let f(v) = -2*v + 5*v + 0*v + v + 7. Let j be f(5). Calculate the highest common factor of j and y.
9
Suppose 0 = -4*v + 18 + 26. Suppose 3*w - 71 = -v. What is the greatest common divisor of 4 and w?
4
Suppose -5*t = -12*t + 434. What is th